{"id":847,"date":"2024-07-09T18:25:51","date_gmt":"2024-07-09T17:25:51","guid":{"rendered":"https:\/\/www.p-ba.de\/?page_id=847"},"modified":"2024-07-11T21:59:14","modified_gmt":"2024-07-11T20:59:14","slug":"erstberatung-und-kosten-und","status":"publish","type":"page","link":"https:\/\/www.p-ba.de\/?page_id=847","title":{"rendered":"Erstberatung + Kosten"},"content":{"rendered":"\n<h3 class=\"wp-block-heading\"><\/h3>\n\n\n\n<p>Wir bieten Ihnen umfassende Beratung und Unterst\u00fctzung bei der energetischen Sanierung Ihres Wohngeb\u00e4udes. Hier finden Sie einen \u00dcberblick \u00fcber die Erstberatung und die Energieberatung. Schicken Sie uns eine E-Mail mit den Daten des Geb\u00e4udes und Ihren Kontaktdaten oder rufen Sie uns an. Wenn Sie eine Erstberatung vor Ort w\u00fcnschen, teilen Sie uns dies bitte ebenfalls mit. Wir k\u00f6nnen Ihnen dann in der Regel innerhalb der n\u00e4chsten Woche einen Termin vorschlagen.  <br><strong>Anfrage gerne an :  mailto@p-ba.de  oder telefonisch unter 0611-1842314 <\/strong><br><\/p>\n\n\n\n<h3 class=\"wp-block-heading\">Erstberatung: <\/h3>\n\n\n\n<p>F\u00fcr Wohngeb\u00e4ude mit bis zu zwei Wohneinheiten im Umkreis von 25 km bieten wir eine umfassende Erstberatung an. Dabei f\u00fchren wir eine Vor-Ort-Besichtigung durch, besprechen erkennbare Ma\u00dfnahmen und geben m\u00fcndliche Sanierungsvorschl\u00e4ge. Au\u00dferdem informieren wir Sie \u00fcber geeignete F\u00f6rderprogramme.<br><strong>Kosten der Erstberatung f\u00fcr Wohngeb\u00e4ude bis 2 Wohnungen: <\/strong> . . . 300,00 \u20ac<\/p>\n\n\n\n<h3 class=\"wp-block-heading\">Individueller Sanierungsfahrplan (iSFP):<\/h3>\n\n\n\n<p>Wenn Sie eine schrittweise Sanierung planen, erstellen wir f\u00fcr Sie einen individuellen Sanierungsfahrplan. Dieser Fahrplan gibt Ihnen detaillierte Informationen \u00fcber die zeitliche Abfolge und die Kosten der einzelnen Effizienzma\u00dfnahmen. So k\u00f6nnen Sie Ihre Sanierung optimal planen und durchf\u00fchren.<br><strong>Kosten des individuellen Sanierungsfahrplans (Ihr Eigenanteil):<\/strong> . 1.300,00 \u20ac<\/p>\n\n\n\n<h3 class=\"wp-block-heading has-text-align-left\">W\u00e4rmebedarfsberechnung* <sup><sub>Zuschuss bis 50%<\/sub><\/sup><\/h3>\n\n\n\n<p class=\"has-text-align-left\">Die W\u00e4rmebedarfsberechnung ist das Kernst\u00fcck der energetischen Sanierung und bildet die Grundlage f\u00fcr die Sanierung sowie die Beantragung der KfW-F\u00f6rderung. Hier wird der Energiebedarf f\u00fcr das gesamte Geb\u00e4ude berechnet. Diese Berechnung ist entscheidend f\u00fcr die Durchf\u00fchrung der Sanierungsma\u00dfnahmen und den Nachweis eines Effizienzhauses.<br><strong>Kosten f\u00fcr ein Wohnhaus mit bis zu 2 Wohnungen : <\/strong> . 2.800 \u20ac**<\/p>\n\n\n\n<h3 class=\"wp-block-heading\">KfW- oder BAFA-Antrag* <sub><sup>Zuschuss bis 50% :<\/sup><\/sub><\/h3>\n\n\n\n<p>F\u00fcr das KfW-Effizienzhaus und die vom BAFA geforderten Einzelma\u00dfnahmen sind sowohl ein Projektnachweis als auch eine Best\u00e4tigung der Ma\u00dfnahmen und Kosten nach Fertigstellung durch den Energieberater erforderlich. F\u00fcr Ein- und Zweifamilienh\u00e4user fallen folgende Kosten an:<br><strong>Projektnachweis zum Antrag : <\/strong> . 300,00 \u20ac**<br><strong>Best\u00e4tigung nach Fertigstellung :<\/strong> . 400,00 \u20ac**<br><strong>Energetische Baubegleitung :<\/strong> . 115,00 \u20ac\/Std.**<br>Die energetische Baubegleitung erfolgt auf Nachweis und ist sowohl von der BAFA als auch von der KfW vorgeschrieben. Sie ist notwendig, um die einzelnen Bauabschnitte zu kontrollieren und die Best\u00e4tigung nach Fertigstellung zu gew\u00e4hrleisten.<\/p>\n\n\n\n<h3 class=\"wp-block-heading\">* Zuschuss zur Energieberatung  &gt;&gt; <sup><sub>Zuschuss  50% bis  max. 5,000\u20ac  Kosten <\/sub><\/sup><\/h3>\n\n\n\n<p>O<em>b energetische Sanierung Ihres Hauses oder Neubauprojekt, ob einzelne Modernisierungsma\u00dfnahme oder Rundumerneuerung: Das <abbr title=\"Bundesministerium f\u00fcr Wirtschaft und Klimaschutz\">BMWK<\/abbr> bietet Ihnen mit der Fachplanung und Baubegleitung im Rahmen der Bundesf\u00f6rderung f\u00fcr effiziente Geb\u00e4ude einen zinsg\u00fcnstigen Kredit mit Tilgungszuschuss oder einen Investitionszuschuss zur fachgerechten Betreuung Ihrer Sanierung durch einen Energieeffizienz-Experten oder eine Energieeffizienz-Expertin. \u00dcbernommen werden 50 Prozent der Kosten f\u00fcr die Baubegleitung, maximal 5.000 Euro pro Vorhaben bei Ein- und Zweifamilienh\u00e4usern und bei Mehrfamilienh\u00e4usern, mit drei oder mehr Wohneinheiten, 2.000 Euro pro Wohneinheit, insgesamt maximal 20.000 Euro pro Zuwendungsbescheid oder Zusage.<\/em><\/p>\n\n\n\n<p><em>Sie haben zudem die Wahl, ob sie einen Zuschuss beim <abbr title=\"Bundesamt f\u00fcr Wirtschaft und Ausfuhrkontrolle\">BAFA<\/abbr> im Zusammenhang mit einer Einzelma\u00dfnahme an einem Bestandsgeb\u00e4ude oder einen zinsg\u00fcnstigen Kredit mit Tilgungszuschuss bei der <abbr title=\"KfW Bankengruppe\">KFW<\/abbr> beantragen. Bei der KfW beantragen Sie auch die Zusch\u00fcsse f\u00fcr energetische Komplettsanierungen und die damit zusammenh\u00e4ngende Baubegleitung.<\/em> <br>Quelle : <a href=\"http:\/\/www.bmwk.de\/\" target=\"_blank\" rel=\"noreferrer noopener\">https:\/\/www.bmwk.de<\/a> \/ <a href=\"https:\/\/www.energiewechsel.de\/\">https:\/\/www.energiewechsel.de\/<\/a><\/p>\n\n\n\n<h3 class=\"wp-block-heading\">**Rechtliches<\/h3>\n\n\n\n<p>Die oben genannten Kosten sind grunds\u00e4tzlich freibleibend. Im Falle einer Anfrage erhalten Sie eine R\u00fcckmail mit Angebot, Widerrufsbelehrung und Datenschutzerkl\u00e4rung. Ein Vertrag kommt erst durch ein Angebot und dessen Best\u00e4tigung zustande. Sollten Sie keine Antwort erhalten, rufen Sie uns bitte an, evtl. ist Ihre Nachricht nicht angekommen, im Spam gelandet oder wurde \u00fcbersehen.<\/p>\n","protected":false},"excerpt":{"rendered":"<p>Wir bieten Ihnen umfassende Beratung und Unterst\u00fctzung bei der energetischen Sanierung Ihres Wohngeb\u00e4udes. Hier finden Sie einen \u00dcberblick \u00fcber die Erstberatung und die Energieberatung. Schicken Sie uns eine E-Mail mit den Daten des Geb\u00e4udes und Ihren Kontaktdaten oder rufen Sie uns an. Wenn Sie eine Erstberatung vor Ort w\u00fcnschen, teilen Sie uns dies bitte ebenfalls &hellip; <\/p>\n<p class=\"link-more\"><a href=\"https:\/\/www.p-ba.de\/?page_id=847\" class=\"more-link\"><span class=\"screen-reader-text\">\u201eErstberatung + Kosten\u201c <\/span>weiterlesen<\/a><\/p>\n","protected":false},"author":1,"featured_media":0,"parent":0,"menu_order":0,"comment_status":"closed","ping_status":"closed","template":"","meta":{"footnotes":""},"class_list":["post-847","page","type-page","status-publish","hentry"],"_links":{"self":[{"href":"https:\/\/www.p-ba.de\/index.php?rest_route=\/wp\/v2\/pages\/847","targetHints":{"allow":["GET"]}}],"collection":[{"href":"https:\/\/www.p-ba.de\/index.php?rest_route=\/wp\/v2\/pages"}],"about":[{"href":"https:\/\/www.p-ba.de\/index.php?rest_route=\/wp\/v2\/types\/page"}],"author":[{"embeddable":true,"href":"https:\/\/www.p-ba.de\/index.php?rest_route=\/wp\/v2\/users\/1"}],"replies":[{"embeddable":true,"href":"https:\/\/www.p-ba.de\/index.php?rest_route=%2Fwp%2Fv2%2Fcomments&post=847"}],"version-history":[{"count":11,"href":"https:\/\/www.p-ba.de\/index.php?rest_route=\/wp\/v2\/pages\/847\/revisions"}],"predecessor-version":[{"id":903,"href":"https:\/\/www.p-ba.de\/index.php?rest_route=\/wp\/v2\/pages\/847\/revisions\/903"}],"wp:attachment":[{"href":"https:\/\/www.p-ba.de\/index.php?rest_route=%2Fwp%2Fv2%2Fmedia&parent=847"}],"curies":[{"name":"wp","href":"https:\/\/api.w.org\/{rel}","templated":true}]}}